 62 a factor of 20997230?
True
Is 399472961 a multiple of 76?
False
Does 240 divide 33822480?
True
Is 83553978 a multiple of 179?
True
Is 235244835 a multiple of 1715?
True
Does 13 divide 45070787?
False
Does 3727 divide 14047063?
True
Does 108 divide 520608384?
True
Does 11 divide 143477389?
True
Does 466 divide 126468672?
True
Does 62 divide 619155?
False
Does 169 divide 5132228842?
True
Does 16 divide 789292560?
True
Is 13 a factor of 16631173?
True
Is 1709323 a multiple of 29?
False
Is 21092601 a multiple of 501?
True
Does 1723 divide 135880949?
True
Does 11878 divide 2450930276?
True
Is 15476655 a multiple of 18?
False
Does 3985 divide 402533477?
False
Is 145 a factor of 18148780?
True
Is 4 a factor of 21057764?
True
Is 3 a factor of 7749767?
False
Does 74 divide 444133568?
False
Is 352347985 a multiple of 2195?
True
Does 38 divide 136682802?
False
Is 311103905 a multiple of 53?
True
Is 1983425 a multiple of 21?
False
Is 59 a factor of 329760971?
True
Is 86645630 a multiple of 295?
True
Is 362726481 a multiple of 3115?
False
Is 1651820839 a multiple of 31?
False
Is 31626346 a multiple of 131?
False
Is 3064 a factor of 16756683?
False
Does 137 divide 43044852?
True
Is 37629363 a multiple of 20?
False
Is 8 a factor of 206510137?
False
Is 249143840 a multiple of 968?
True
Is 151 a factor of 43977626?
False
Is 5720704007 a multiple of 59?
False
Is 468 a factor of 77675832?
True
Is 514646586 even?
True
Is 72280070 a multiple of 771?
False
Does 178 divide 17973016?
True
Does 64 divide 91759360?
True
Does 199 divide 305318735?
True
Is 9090 a factor of 3336598607?
False
Does 41 divide 2018321670?
False
Does 592 divide 2092211472?
True
Does 7022 divide 4368178771?
False
Does 22 divide 30852435?
False
Does 858 divide 1020526650?
True
Does 4 divide 7431171?
False
Is 58749509 a multiple of 91?
True
Is 230 a factor of 147160548?
False
Is 32 a factor of 56750435?
False
Does 46 divide 331893741?
False
Does 123 divide 645595133?
False
Is 296871815 a multiple of 34?
False
Is 12 a factor of 2470219608?
True
Does 508 divide 37552646?
False
Is 13801645 a multiple of 143?
True
Is 102558112 a multiple of 12?
False
Does 16 divide 181722?
False
Is 285980578 a multiple of 35?
False
Is 13518120 a multiple of 836?
True
Is 508 a factor of 924302952?
True
Is 6788204848 a multiple of 25?
False
Does 3 divide 10148762?
False
Does 260 divide 170089660?
True
Is 1691 a factor of 500757521?
True
Is 15759744 a multiple of 44?
True
Is 24358964 a multiple of 35?
False
Is 1439 a factor of 6063392?
False
Does 530 divide 51677650?
True
Is 644 a factor of 799431976?
True
Does 6155 divide 83675992?
False
Does 2422 divide 2358985928?
False
Is 2226356198 a multiple of 11?
True
Is 602 a factor of 80501246?
True
Is 63003915 a multiple of 39?
True
Does 13 divide 89273691?
True
Is 37 a factor of 4057809684?
True
Is 2907 a factor of 5470974?
True
Is 3165981 a multiple of 852?
False
Is 20 a factor of 75481740?
True
Is 98165064 a multiple of 650?
False
Is 760478896 a multiple of 227?
False
Is 634 a factor of 3284164132?
False
Is 54132203 a multiple of 47?
True
Does 36 divide 91113285?
False
Does 12 divide 289738674?
False
Does 233 divide 312622915?
False
Is 24158346 a multiple of 4?
False
Is 10 a factor of 62876740?
True
Is 272669376 a multiple of 21?
True
Is 6880 a factor of 2280609920?
True
Does 150 divide 749655900?
True
Is 79072125 a multiple of 33?
True
Does 778 divide 33258896?
False
Does 148 divide 32435236?
True
Is 605945406 a multiple of 6789?
True
Does 85 divide 527570175?
False
Is 329119520 a multiple of 190?
True
Is 24054682 a multiple of 271?
False
Is 152544280 a multiple of 20?
True
Is 280060704 a multiple of 173?
True
Is 575167868 a multiple of 187?
True
Is 262472504 a multiple of 322?
True
Is 47934379 a multiple of 43?
True
Is 93 a factor of 79333557?
True
Is 27060940 a multiple of 95?
True
Is 144306150 a multiple of 75?
True
Is 457 a factor of 113542778?
False
Is 314263350 a multiple of 654?
True
Is 1030930 a multiple of 163?
False
Is 479046366 a multiple of 17?
True
Is 30377418 a multiple of 1143?
False
Is 3 a factor of 922979277?
True
Is 114 a factor of 1139842273?
False
Is 3973006882 a multiple of 165?
False
Does 80 divide 14318580?
False
Is 4 a factor of 4488296?
True
Is 663214198 a multiple of 709?
True
Is 39310956 a multiple of 12?
True
Is 44662550 a multiple of 46?
True
Is 1427 a factor of 595007628?
True
Is 2880983 a multiple of 49?
False
Does 2252 divide 2861045910?
False
Is 22 a factor of 1519830128?
False
Is 9 a factor of 64070605?
False
Is 27 a factor of 112787829?
True
Does 679 divide 44817395?
True
Is 40 a factor of 16448400?
True
Does 1861 divide 23536471?
False
Is 132 a factor of 90327624?
False
Does 12 divide 426262368?
True
Is 7 a factor of 11967994?
False
Is 679 a factor of 8490216?
True
Does 1718 divide 98842055?
False
Is 23 a factor of 4486656?
True
Is 2077789245 a multiple of 87?
True
Is 168 a factor of 2992141739?
False
Does 133 divide 669487287?
True
Is 304371065 a multiple of 5?
True
Is 38 a factor of 116043639?
False
Is 246978468 a multiple of 33?
True
Is 15679275 a multiple of 18?
False
Is 194256370 a multiple of 2365?
True
Does 1469 divide 5486715?
True
Is 97420351 even?
False
Is 1779098475 a multiple of 55?
True
Does 155 divide 230793616?
False
Is 43197811 a multiple of 290?
False
Is 3160452 a multiple of 6?
True
Is 13913965 a multiple of 115?
True
Is 158933322 a multiple of 39?
False
Is 101 a factor of 18969214?
True
Is 2112 a factor of 7575055?
False
Is 32782955 a multiple of 2345?
False
Is 17683140 a multiple of 60?
True
Is 756 a factor of 240052001?
False
Does 55 divide 51760390?
True
Does 10 divide 15683980?
True
Does 57 divide 519215966?
False
Does 1264 divide 49710592?
True
Is 907 a factor of 290079690?
False
Is 24870500 a multiple of 778?
False
Is 156785384 a multiple of 28?
True
Is 2477591552 a multiple of 128?
True
Does 110 divide 481691829?
False
Is 958506480 a multiple of 60?
True
Is 2556082495 a multiple of 57?
False
Is 55 a factor of 2492710?
True
Does 81 divide 12629682?
True
Is 3 a factor of 3940170?
True
Does 5 divide 33096214?
False
Is 2 a factor of 221053164?
True
Does 1035 divide 19898845?
False
Is 3038531 a multiple of 538?
False
Is 286 a factor of 30662043?
False
Does 836 divide 910142332?
True
Is 30891360 a multiple of 60?
True
Is 18293240 a multiple of 8?
True
Is 21 a factor of 65595321?
False
Is 1117 a factor of 332350773?
False
Is 295 a factor of 1226380509?
False
Does 7 divide 86558?
False
Is 20 a factor of 67301980?
True
Is 342307794 a multiple of 5143?
True
Is 194 a factor of 13583812?
False
Is 100 a factor of 296232135?
False
Is 190917242 a multiple of 5?
False
Does 1140 divide 682001580?
True
Does 12 divide 177699027?
False
Is 133181433 a multiple of 27?
False
Is 8 a factor of 4231521?
False
Is 844 a factor of 388179232?
True
Does 14 divide 1226672720?
True
Does 10 divide 563123918?
False
Is 69248052 a multiple of 178?
True
Does 173 divide 1104765624?
False
Is 67 a factor of 1702221430?
True
Is 57 a factor of 117698799?
False
Is 1285768564 a multiple of 137?
True
Does 5 divide 3429970?
True
Does 160 divide 22105280?
True
Does 399 divide 709674168?
True
Is 38030161 a multiple of 16?
False
Is 31 a factor of 7493739?
False
Does 1513 divide 593350184?
True
Does 6350 divide 14402174?
False
Is 8 a factor of 1896751?
False
Is 118 a factor of 62508241?
False
Is 59 a factor of 692982494?
True
Is 28 a factor of 41757279?
False
Is 49 a factor of 49096824?
True
Is 17418641 a multiple of 4?
False
Is 177627048 a multiple of 8?
True
Does 1269 divide 260764621?
False
Does 10 divide 25295090?
True
Is 487941855 a multiple of 365?
True
Is 486816 a multiple of 149?
False
Does 4860 divide 157707000?
True
Is 118000968 a multiple of 631?
False
Does 17 divide 13449040?
True
Does 386 divide 13647416?
True
Is 8625178 a multiple of 15?
False
Is 2 a factor of 33537334?
True
Does 1260 divide 201146400?
True
Is 118 a factor of 90347237?
False
Does 328 divide 22742536?
True
Is 991152977 a multiple of 187?
False
Is 2527 a factor of 193677280?
False
Is 2305338 a multiple of 2?
True
Is 97 a factor of 4882485979?
True
Is 152599348 a multiple of 22?
True
Is 1543 a factor of 128866731?
True
Is 46 a factor of 720050?
False
Is 42 a factor of 517553